{"id":13,"date":"2018-06-29T08:08:42","date_gmt":"2018-06-29T06:08:42","guid":{"rendered":"http:\/\/demo.athemes.com\/atu-health-coach\/lp-courses\/"},"modified":"2020-11-03T09:27:44","modified_gmt":"2020-11-03T08:27:44","slug":"fuzo","status":"publish","type":"page","link":"https:\/\/xn--rckhalt-n2a.net\/index.php\/behandlungen\/fuzo\/","title":{"rendered":"Fu\u00dfreflexzonenmassage"},"content":{"rendered":"\t\t<div data-elementor-type=\"wp-page\" data-elementor-id=\"13\" class=\"elementor elementor-13\">\n\t\t\t\t\t\t<section class=\"elementor-section elementor-top-section elementor-element elementor-element-fcadd8e elementor-section-boxed elementor-section-height-default elementor-section-height-default\" data-id=\"fcadd8e\" data-element_type=\"section\" data-e-type=\"section\">\n\t\t\t\t\t\t<div class=\"elementor-container elementor-column-gap-default\">\n\t\t\t\t\t<div class=\"elementor-column elementor-col-100 elementor-top-column elementor-element elementor-element-0b23d67\" data-id=\"0b23d67\" data-element_type=\"column\" data-e-type=\"column\">\n\t\t\t<div class=\"elementor-widget-wrap elementor-element-populated\">\n\t\t\t\t\t\t<div class=\"elementor-element elementor-element-9205023 elementor-widget elementor-widget-image\" data-id=\"9205023\" data-element_type=\"widget\" data-e-type=\"widget\" data-widget_type=\"image.default\">\n\t\t\t\t<div class=\"elementor-widget-container\">\n\t\t\t\t\t\t\t\t\t\t\t\t\t\t\t<img fetchpriority=\"high\" decoding=\"async\" width=\"1024\" height=\"643\" src=\"https:\/\/xn--rckhalt-n2a.net\/wp-content\/uploads\/2020\/10\/Fusszonen-1-1024x643.jpg\" class=\"attachment-large size-large wp-image-505\" alt=\"\" srcset=\"https:\/\/xn--rckhalt-n2a.net\/wp-content\/uploads\/2020\/10\/Fusszonen-1-1024x643.jpg 1024w, https:\/\/xn--rckhalt-n2a.net\/wp-content\/uploads\/2020\/10\/Fusszonen-1-300x188.jpg 300w, https:\/\/xn--rckhalt-n2a.net\/wp-content\/uploads\/2020\/10\/Fusszonen-1-768x482.jpg 768w, https:\/\/xn--rckhalt-n2a.net\/wp-content\/uploads\/2020\/10\/Fusszonen-1-1536x965.jpg 1536w, https:\/\/xn--rckhalt-n2a.net\/wp-content\/uploads\/2020\/10\/Fusszonen-1-2048x1286.jpg 2048w, https:\/\/xn--rckhalt-n2a.net\/wp-content\/uploads\/2020\/10\/Fusszonen-1-720x452.jpg 720w\" sizes=\"(max-width: 1024px) 100vw, 1024px\" \/>\t\t\t\t\t\t\t\t\t\t\t\t\t\t\t<\/div>\n\t\t\t\t<\/div>\n\t\t\t\t<div class=\"elementor-element elementor-element-5e8c807 elementor-widget elementor-widget-text-editor\" data-id=\"5e8c807\" data-element_type=\"widget\" data-e-type=\"widget\" data-widget_type=\"text-editor.default\">\n\t\t\t\t<div class=\"elementor-widget-container\">\n\t\t\t\t\t\t\t\t\t<p>Marquardt, 1989, S. 116<\/p>\t\t\t\t\t\t\t\t<\/div>\n\t\t\t\t<\/div>\n\t\t\t\t<div class=\"elementor-element elementor-element-1740dcc elementor-widget elementor-widget-text-editor\" data-id=\"1740dcc\" data-element_type=\"widget\" data-e-type=\"widget\" data-widget_type=\"text-editor.default\">\n\t\t\t\t<div class=\"elementor-widget-container\">\n\t\t\t\t\t\t\t\t\t<p>Mit bestimmten Griffen an den Fu\u00dfreflexzonen werden Reize ausgel\u00f6st. Diese Grifftechnik beruht auf der Vorstellung, dass der Fu\u00df in Wechselbeziehung zum ganzen K\u00f6rper steht. Die einzelnen Reflexzonen am Fu\u00df sind dabei bestimmten Organen zugeordnet: Demnach ist es m\u00f6glich, \u00fcber die Massage der entsprechenden Fu\u00dfreflexzone auf das jeweilige Organ einzuwirken \u2013 es also positiv zu beeinflussen und so Erkrankungen zu lindern.<\/p><p>Das Ziel besteht darin, allgemein die K\u00f6rperreaktionen positiv zu beeinflussen und das Immunsystem anzuregen.<\/p><p>So kann die Massage der Fu\u00dfreflexzonen beispielsweise folgende Zwecke verfolgen:<\/p><ul><li>den Lymphabfluss in Armen und Beinen f\u00f6rdern<\/li><li>Muskelverspannungen l\u00f6sen<\/li><li>Schmerzen lindern<\/li><li>zu einem besseren Schlaf verhelfen<\/li><li>die k\u00f6rperliche Verfassung kr\u00e4ftigen<\/li><\/ul><p>Auch bei chronischen Erkrankungen kommt die Fu\u00dfzonenreflexmassage zum Einsatz, um deren Heilung anzukurbeln und zu unterst\u00fctzen:<\/p><ul><li>Gelenk- und Wirbels\u00e4ulenbeschwerden<\/li><li>Funktionsst\u00f6rungen von Organen<\/li><li>Migr\u00e4ne<\/li><li>Ersch\u00f6pfung<\/li><li>Kopfschmerzen<\/li><li>Arthritis<\/li><li>Lymph\u00f6demen<\/li><li>Hormonst\u00f6rungen<\/li><li>Beschwerden in den\u00a0Wechseljahren<\/li><\/ul><p>Fu\u00dfreflexzonenmassagen gelten als nahezu nebenwirkungsfrei. Nur in bestimmten F\u00e4llen ist davon abzuraten:<\/p><ul><li>Knochen- oder Gelenkbeschwerden<\/li><li>diabetischer Fu\u00df<\/li><li>offene Wunden<\/li><li>Pilzinfektionen (Fu\u00dfpilz)<\/li><li>akuten Infektionskrankheiten mit hohem Fieber<\/li><li>Psychosen<\/li><li>Risikoschwangerschaften<\/li><li>akuten Venen- und\/oder Lymphgef\u00e4\u00dfentz\u00fcndungen<\/li><\/ul>\t\t\t\t\t\t\t\t<\/div>\n\t\t\t\t<\/div>\n\t\t\t\t\t<\/div>\n\t\t<\/div>\n\t\t\t\t\t<\/div>\n\t\t<\/section>\n\t\t\t\t<\/div>\n\t\t","protected":false},"excerpt":{"rendered":"<p>Marquardt, 1989, S. 116 Mit bestimmten Griffen an den Fu\u00dfreflexzonen werden Reize ausgel\u00f6st. Diese Grifftechnik beruht auf der Vorstellung, dass [&hellip;]<\/p>\n","protected":false},"author":1,"featured_media":0,"parent":411,"menu_order":2,"comment_status":"closed","ping_status":"closed","template":"","meta":{"footnotes":""},"class_list":["post-13","page","type-page","status-publish","hentry"],"_links":{"self":[{"href":"https:\/\/xn--rckhalt-n2a.net\/index.php\/wp-json\/wp\/v2\/pages\/13","targetHints":{"allow":["GET"]}}],"collection":[{"href":"https:\/\/xn--rckhalt-n2a.net\/index.php\/wp-json\/wp\/v2\/pages"}],"about":[{"href":"https:\/\/xn--rckhalt-n2a.net\/index.php\/wp-json\/wp\/v2\/types\/page"}],"author":[{"embeddable":true,"href":"https:\/\/xn--rckhalt-n2a.net\/index.php\/wp-json\/wp\/v2\/users\/1"}],"replies":[{"embeddable":true,"href":"https:\/\/xn--rckhalt-n2a.net\/index.php\/wp-json\/wp\/v2\/comments?post=13"}],"version-history":[{"count":5,"href":"https:\/\/xn--rckhalt-n2a.net\/index.php\/wp-json\/wp\/v2\/pages\/13\/revisions"}],"predecessor-version":[{"id":586,"href":"https:\/\/xn--rckhalt-n2a.net\/index.php\/wp-json\/wp\/v2\/pages\/13\/revisions\/586"}],"up":[{"embeddable":true,"href":"https:\/\/xn--rckhalt-n2a.net\/index.php\/wp-json\/wp\/v2\/pages\/411"}],"wp:attachment":[{"href":"https:\/\/xn--rckhalt-n2a.net\/index.php\/wp-json\/wp\/v2\/media?parent=13"}],"curies":[{"name":"wp","href":"https:\/\/api.w.org\/{rel}","templated":true}]}}